{"id":102,"date":"2025-06-19T13:47:12","date_gmt":"2025-06-19T19:47:12","guid":{"rendered":"https:\/\/laboratoriofacil.com\/web\/activities\/"},"modified":"2025-07-18T18:22:02","modified_gmt":"2025-07-19T00:22:02","slug":"productos-adicionales","status":"publish","type":"page","link":"https:\/\/laboratoriofacil.com\/web\/productos-adicionales\/","title":{"rendered":"Productos Adicionales"},"content":{"rendered":"\n<div class=\"wp-block-uagb-container uagb-block-1d2970f6 alignfull uagb-is-root-container\"><div class=\"uagb-container-inner-blocks-wrap\">\n<div data-aos= \"zoom-in\" data-aos-duration=\"400\" data-aos-delay=\"0\" data-aos-easing=\"ease\" data-aos-once=\"true\" class=\"wp-block-uagb-advanced-heading uagb-block-ed72bca9\"><h1 class=\"uagb-heading-text\">Productos Adicionales<\/h1><\/div>\n<\/div><\/div>\n\n\n\n<div data-aos= \"fade-left\" data-aos-duration=\"400\" data-aos-delay=\"0\" data-aos-easing=\"ease\" data-aos-once=\"true\" class=\"wp-block-uagb-container uagb-block-49ad763d alignfull uagb-is-root-container\"><div class=\"uagb-container-inner-blocks-wrap\">\n<div class=\"wp-block-uagb-container uagb-block-d04578e1\">\n<div class=\"wp-block-uagb-container uagb-block-be469e0b\">\n<div class=\"wp-block-uagb-advanced-heading uagb-block-02bb9a25\"><h2 class=\"uagb-heading-text\">Lleve su laboratorio al siguiente nivel<\/h2><\/div>\n<\/div>\n\n\n\n<div class=\"wp-block-uagb-container uagb-block-93ef2329\">\n<div class=\"wp-block-uagb-advanced-heading uagb-block-7e09d097\"><div class=\"uagb-separator\"><\/div><p class=\"uagb-heading-text\">Complementa la funcionalidad de Laboratorio F\u00e1cil\u00ae con herramientas avanzadas que optimizan tus procesos, mejoran la experiencia de tus clientes y fortalecen la confiabilidad de tus resultados.<br><strong>Para cualquier consulta relacionada a los productos adicionales, favor escr\u00edbanos a <a>ventas_adicionales@laboratoriofacil.com<\/a>.<\/strong><\/p><\/div>\n<\/div>\n<\/div>\n<\/div><\/div>\n\n\n\n<div data-aos= \"fade-right\" data-aos-duration=\"400\" data-aos-delay=\"0\" data-aos-easing=\"ease\" data-aos-once=\"true\" class=\"wp-block-uagb-container uagb-block-2efe9b17 alignfull uagb-is-root-container\"><div class=\"uagb-container-inner-blocks-wrap\">\n<div class=\"wp-block-uagb-container uagb-layout-grid uagb-block-612bfba7\">\n<div class=\"wp-block-uagb-image uagb-block-81d3e9cf wp-block-uagb-image--layout-default wp-block-uagb-image--effect-static wp-block-uagb-image--align-none\"><figure class=\"wp-block-uagb-image__figure\"><img decoding=\"async\" srcset=\"https:\/\/laboratoriofacil.com\/web\/wp-content\/uploads\/2025\/06\/Consulta-de-resultados-en-linea.jpg ,https:\/\/laboratoriofacil.com\/web\/wp-content\/uploads\/2025\/06\/Consulta-de-resultados-en-linea.jpg 780w, https:\/\/laboratoriofacil.com\/web\/wp-content\/uploads\/2025\/06\/Consulta-de-resultados-en-linea.jpg 360w\" sizes=\"auto, (max-width: 480px) 150px\" src=\"https:\/\/laboratoriofacil.com\/web\/wp-content\/uploads\/2025\/06\/Consulta-de-resultados-en-linea.jpg\" alt=\"Consulta de resultados en l\u00ednea\" class=\"uag-image-871\" width=\"640\" height=\"480\" title=\"Consulta de resultados en l\u00ednea\" loading=\"lazy\" role=\"img\"\/><\/figure><\/div>\n\n\n\n<div class=\"wp-block-uagb-advanced-heading uagb-block-c648c1fe\"><h3 class=\"uagb-heading-text\">\ud83c\udf10 Consulta de resultados en l\u00ednea<\/h3><p class=\"uagb-desc-text\">Ofrezca a m\u00e9dicos, empresas y hospitales la posibilidad de consultar los resultados de sus pacientes a trav\u00e9s de un portal web disponible 24\/7. Reduzca el uso de papel, agilice la entrega de resultados y mejore la atenci\u00f3n sin necesidad de contacto f\u00edsico.<\/p><\/div>\n<\/div>\n\n\n\n<div class=\"wp-block-uagb-separator uagb-block-188d59da\"><div class=\"wp-block-uagb-separator__inner\" style=\"--my-background-image:\"><\/div><\/div>\n\n\n\n<div class=\"wp-block-uagb-container uagb-layout-grid uagb-block-a41001a5\">\n<div class=\"wp-block-uagb-advanced-heading uagb-block-5296fd0b\"><h3 class=\"uagb-heading-text\">\ud83d\udd17 Integraci\u00f3n con equipos de laboratorio (LIS)<\/h3><p class=\"uagb-desc-text\">Conecte directamente su equipo de diagn\u00f3stico al sistema para obtener los resultados autom\u00e1ticamente. Esta integraci\u00f3n ahorra tiempo, reduce errores y garantiza una transferencia de datos r\u00e1pida y precisa.<\/p><\/div>\n\n\n\n<div class=\"wp-block-uagb-image uagb-block-d745fd5d wp-block-uagb-image--layout-default wp-block-uagb-image--effect-static wp-block-uagb-image--align-none\"><figure class=\"wp-block-uagb-image__figure\"><img decoding=\"async\" srcset=\"https:\/\/laboratoriofacil.com\/web\/wp-content\/uploads\/2025\/06\/Integracion-con-equipos-de-laboratorio-LIS.jpg ,https:\/\/laboratoriofacil.com\/web\/wp-content\/uploads\/2025\/06\/Integracion-con-equipos-de-laboratorio-LIS.jpg 780w, https:\/\/laboratoriofacil.com\/web\/wp-content\/uploads\/2025\/06\/Integracion-con-equipos-de-laboratorio-LIS.jpg 360w\" sizes=\"auto, (max-width: 480px) 150px\" src=\"https:\/\/laboratoriofacil.com\/web\/wp-content\/uploads\/2025\/06\/Integracion-con-equipos-de-laboratorio-LIS.jpg\" alt=\"Integraci\u00f3n con equipos de laboratorio (LIS)\" class=\"uag-image-874\" width=\"640\" height=\"480\" title=\"Integraci\u00f3n con equipos de laboratorio LIS\" loading=\"lazy\" role=\"img\"\/><\/figure><\/div>\n<\/div>\n\n\n\n<div class=\"wp-block-uagb-separator uagb-block-57bfc147\"><div class=\"wp-block-uagb-separator__inner\" style=\"--my-background-image:\"><\/div><\/div>\n\n\n\n<div class=\"wp-block-uagb-container uagb-layout-grid uagb-block-889c2499\">\n<div class=\"wp-block-uagb-image uagb-block-a4c26952 wp-block-uagb-image--layout-default wp-block-uagb-image--effect-static wp-block-uagb-image--align-none\"><figure class=\"wp-block-uagb-image__figure\"><img decoding=\"async\" srcset=\"https:\/\/laboratoriofacil.com\/web\/wp-content\/uploads\/2025\/06\/Facturacion-electronica.jpg ,https:\/\/laboratoriofacil.com\/web\/wp-content\/uploads\/2025\/06\/Facturacion-electronica.jpg 780w, https:\/\/laboratoriofacil.com\/web\/wp-content\/uploads\/2025\/06\/Facturacion-electronica.jpg 360w\" sizes=\"auto, (max-width: 480px) 150px\" src=\"https:\/\/laboratoriofacil.com\/web\/wp-content\/uploads\/2025\/06\/Facturacion-electronica.jpg\" alt=\"Facturaci\u00f3n electr\u00f3nica\" class=\"uag-image-872\" width=\"640\" height=\"480\" title=\"Facturaci\u00f3n electr\u00f3nica\" loading=\"lazy\" role=\"img\"\/><\/figure><\/div>\n\n\n\n<div class=\"wp-block-uagb-advanced-heading uagb-block-8bb08c83\"><h3 class=\"uagb-heading-text\">\ud83e\uddfe Facturaci\u00f3n electr\u00f3nica<\/h3><p class=\"uagb-desc-text\">Genere facturas electr\u00f3nicas directamente desde el sistema de forma segura y conforme a la normativa vigente. Simplifique sus procesos administrativos y brinde a sus clientes un servicio m\u00e1s \u00e1gil y profesional.<\/p><\/div>\n<\/div>\n\n\n\n<div class=\"wp-block-uagb-separator uagb-block-7d4e3b5c\"><div class=\"wp-block-uagb-separator__inner\" style=\"--my-background-image:\"><\/div><\/div>\n\n\n\n<div class=\"wp-block-uagb-container uagb-layout-grid uagb-block-501e33f2\">\n<div class=\"wp-block-uagb-advanced-heading uagb-block-b23bb473\"><h3 class=\"uagb-heading-text\">\ud83d\udcf2 Informes con c\u00f3digo QR<\/h3><p class=\"uagb-desc-text\">Incluya un c\u00f3digo QR \u00fanico en los informes de resultados para garantizar su autenticidad. Terceros podr\u00e1n escanear el c\u00f3digo y verificar que la informaci\u00f3n coincida con la emitida por el laboratorio. Disponible 24\/7, ideal para instituciones que requieren validaci\u00f3n r\u00e1pida y confiable.<\/p><\/div>\n\n\n\n<div class=\"wp-block-uagb-image uagb-block-2e5779c2 wp-block-uagb-image--layout-default wp-block-uagb-image--effect-static wp-block-uagb-image--align-none\"><figure class=\"wp-block-uagb-image__figure\"><img decoding=\"async\" srcset=\"https:\/\/laboratoriofacil.com\/web\/wp-content\/uploads\/2025\/06\/Informes-con-codigo-QR.jpg ,https:\/\/laboratoriofacil.com\/web\/wp-content\/uploads\/2025\/06\/Informes-con-codigo-QR.jpg 780w, https:\/\/laboratoriofacil.com\/web\/wp-content\/uploads\/2025\/06\/Informes-con-codigo-QR.jpg 360w\" sizes=\"auto, (max-width: 480px) 150px\" src=\"https:\/\/laboratoriofacil.com\/web\/wp-content\/uploads\/2025\/06\/Informes-con-codigo-QR.jpg\" alt=\"Informes con c\u00f3digo QR\" class=\"uag-image-873\" width=\"640\" height=\"480\" title=\"Informes con c\u00f3digo QR\" loading=\"lazy\" role=\"img\"\/><\/figure><\/div>\n<\/div>\n<\/div><\/div>\n\n\n\n<div class=\"wp-block-uagb-container uagb-block-d6b51494 alignfull uagb-is-root-container\"><div class=\"uagb-container-inner-blocks-wrap\">\n<div class=\"wp-block-uagb-advanced-heading uagb-block-3c94a63a\"><div class=\"uagb-separator\"><\/div><h3 class=\"uagb-heading-text\">Laboratorio F\u00e1cil<sup>\u00ae<\/sup>, la soluci\u00f3n para la gesti\u00f3n de laboratorios cl\u00ednicos y centros de diagn\u00f3stico.<\/h3><\/div>\n<\/div><\/div>\n","protected":false},"excerpt":{"rendered":"<p>Productos Adicionales Lleve su laboratorio al siguiente nivel Complementa la funcionalidad de Laboratorio F\u00e1cil\u00ae con herramientas avanzadas que optimizan tus procesos, mejoran la experiencia de tus clientes y fortalecen la confiabilidad de tus resultados.Para cualquier consulta relacionada a los productos adicionales, favor escr\u00edbanos a ventas_adicionales@laboratoriofacil.com. \ud83c\udf10 Consulta de resultados en l\u00ednea Ofrezca a m\u00e9dicos, empresas [&hellip;]<\/p>\n","protected":false},"author":1,"featured_media":0,"parent":0,"menu_order":0,"comment_status":"closed","ping_status":"closed","template":"","meta":{"_uag_custom_page_level_css":"","site-sidebar-layout":"no-sidebar","site-content-layout":"plain-container","ast-site-content-layout":"normal-width-container","site-content-style":"unboxed","site-sidebar-style":"unboxed","ast-global-header-display":"","ast-banner-title-visibility":"","ast-main-header-display":"","ast-hfb-above-header-display":"","ast-hfb-below-header-display":"","ast-hfb-mobile-header-display":"","site-post-title":"disabled","ast-breadcrumbs-content":"","ast-featured-img":"","footer-sml-layout":"","theme-transparent-header-meta":"default","adv-header-id-meta":"","stick-header-meta":"","header-above-stick-meta":"","header-main-stick-meta":"","header-below-stick-meta":"","astra-migrate-meta-layouts":"set","ast-page-background-enabled":"default","ast-page-background-meta":{"desktop":{"background-color":"var(--ast-global-color-4)","background-image":"","background-repeat":"repeat","background-position":"center center","background-size":"auto","background-attachment":"scroll","background-type":"","background-media":"","overlay-type":"","overlay-color":"","overlay-opacity":"","overlay-gradient":""},"tablet":{"background-color":"","background-image":"","background-repeat":"repeat","background-position":"center center","background-size":"auto","background-attachment":"scroll","background-type":"","background-media":"","overlay-type":"","overlay-color":"","overlay-opacity":"","overlay-gradient":""},"mobile":{"background-color":"","background-image":"","background-repeat":"repeat","background-position":"center center","background-size":"auto","background-attachment":"scroll","background-type":"","background-media":"","overlay-type":"","overlay-color":"","overlay-opacity":"","overlay-gradient":""}},"ast-content-background-meta":{"desktop":{"background-color":"var(--ast-global-color-5)","background-image":"","background-repeat":"repeat","background-position":"center center","background-size":"auto","background-attachment":"scroll","background-type":"","background-media":"","overlay-type":"","overlay-color":"","overlay-opacity":"","overlay-gradient":""},"tablet":{"background-color":"var(--ast-global-color-5)","background-image":"","background-repeat":"repeat","background-position":"center center","background-size":"auto","background-attachment":"scroll","background-type":"","background-media":"","overlay-type":"","overlay-color":"","overlay-opacity":"","overlay-gradient":""},"mobile":{"background-color":"var(--ast-global-color-5)","background-image":"","background-repeat":"repeat","background-position":"center center","background-size":"auto","background-attachment":"scroll","background-type":"","background-media":"","overlay-type":"","overlay-color":"","overlay-opacity":"","overlay-gradient":""}},"footnotes":""},"class_list":["post-102","page","type-page","status-publish","hentry"],"uagb_featured_image_src":{"full":false,"thumbnail":false,"medium":false,"medium_large":false,"large":false,"1536x1536":false,"2048x2048":false},"uagb_author_info":{"display_name":"admin","author_link":"https:\/\/laboratoriofacil.com\/web\/author\/admin\/"},"uagb_comment_info":0,"uagb_excerpt":"Productos Adicionales Lleve su laboratorio al siguiente nivel Complementa la funcionalidad de Laboratorio F\u00e1cil\u00ae con herramientas avanzadas que optimizan tus procesos, mejoran la experiencia de tus clientes y fortalecen la confiabilidad de tus resultados.Para cualquier consulta relacionada a los productos adicionales, favor escr\u00edbanos a ventas_adicionales@laboratoriofacil.com. \ud83c\udf10 Consulta de resultados en l\u00ednea Ofrezca a m\u00e9dicos, empresas&hellip;","_links":{"self":[{"href":"https:\/\/laboratoriofacil.com\/web\/wp-json\/wp\/v2\/pages\/102","targetHints":{"allow":["GET"]}}],"collection":[{"href":"https:\/\/laboratoriofacil.com\/web\/wp-json\/wp\/v2\/pages"}],"about":[{"href":"https:\/\/laboratoriofacil.com\/web\/wp-json\/wp\/v2\/types\/page"}],"author":[{"embeddable":true,"href":"https:\/\/laboratoriofacil.com\/web\/wp-json\/wp\/v2\/users\/1"}],"replies":[{"embeddable":true,"href":"https:\/\/laboratoriofacil.com\/web\/wp-json\/wp\/v2\/comments?post=102"}],"version-history":[{"count":12,"href":"https:\/\/laboratoriofacil.com\/web\/wp-json\/wp\/v2\/pages\/102\/revisions"}],"predecessor-version":[{"id":971,"href":"https:\/\/laboratoriofacil.com\/web\/wp-json\/wp\/v2\/pages\/102\/revisions\/971"}],"wp:attachment":[{"href":"https:\/\/laboratoriofacil.com\/web\/wp-json\/wp\/v2\/media?parent=102"}],"curies":[{"name":"wp","href":"https:\/\/api.w.org\/{rel}","templated":true}]}}